{"id":190,"date":"2017-11-07T19:55:13","date_gmt":"2017-11-07T16:55:13","guid":{"rendered":"http:\/\/nevelgubre.com.tr\/?page_id=190"},"modified":"2020-01-30T15:32:26","modified_gmt":"2020-01-30T12:32:26","slug":"organo-carbon","status":"publish","type":"page","link":"https:\/\/nevelgubre.com.tr\/index.php\/organo-carbon\/","title":{"rendered":"Organo Carbon"},"content":{"rendered":"\n<div class=\"wp-block-image\"><figure class=\"aligncenter size-large is-resized\"><img loading=\"lazy\" decoding=\"async\" src=\"http:\/\/nevelgubre.com.tr\/wp-content\/uploads\/2020\/01\/carbon.png\" alt=\"\" class=\"wp-image-886\" width=\"218\" height=\"139\" srcset=\"https:\/\/nevelgubre.com.tr\/wp-content\/uploads\/2020\/01\/carbon.png 435w, https:\/\/nevelgubre.com.tr\/wp-content\/uploads\/2020\/01\/carbon-300x191.png 300w\" sizes=\"auto, (max-width: 218px) 100vw, 218px\" \/><\/figure><\/div>\n\n\n\n<div class=\"wp-block-image\"><figure class=\"aligncenter size-large is-resized\"><img loading=\"lazy\" decoding=\"async\" src=\"http:\/\/nevelgubre.com.tr\/wp-content\/uploads\/2020\/01\/organo_carbon-removebg-preview.png\" alt=\"\" class=\"wp-image-887\" width=\"108\" height=\"144\" srcset=\"https:\/\/nevelgubre.com.tr\/wp-content\/uploads\/2020\/01\/organo_carbon-removebg-preview.png 433w, https:\/\/nevelgubre.com.tr\/wp-content\/uploads\/2020\/01\/organo_carbon-removebg-preview-225x300.png 225w\" sizes=\"auto, (max-width: 108px) 100vw, 108px\" \/><\/figure><\/div>\n\n\n\n<p><strong>ORGANO\nCARBON<\/strong><\/p>\n\n\n\n<p>&nbsp;&nbsp;&nbsp;&nbsp;&nbsp;&nbsp; Topra\u011f\u0131n\nihtiyac\u0131 olan organik madde ve organik karbon ihtiva eden \u00fcr\u00fcn.<\/p>\n\n\n\n<p><strong>\u00dcR\u00dcN\u00dcN\nSINIFI:<\/strong>\nB\u0130TK\u0130SEL MEN\u015eE\u0130L\u0130 SIVI ORGAN\u0130K G\u00dcBRE<\/p>\n\n\n\n<p class=\"has-normal-font-size\"><strong>Garanti Edilen \u0130\u00e7erik &nbsp;&nbsp;&nbsp; %                   (w\/w)<\/strong><\/p>\n\n\n\n<p class=\"has-normal-font-size\">Organik\nMadde&nbsp;&nbsp;&nbsp;&nbsp;&nbsp;&nbsp;&nbsp;&nbsp; &nbsp;&nbsp;&nbsp;&nbsp;&nbsp;&nbsp;&nbsp;&nbsp;&nbsp;&nbsp;&nbsp;&nbsp;&nbsp;&nbsp;&nbsp;&nbsp;&nbsp;&nbsp;&nbsp;&nbsp;&nbsp;&nbsp;&nbsp;&nbsp;&nbsp;&nbsp;&nbsp;&nbsp;&nbsp;&nbsp;&nbsp;&nbsp;&nbsp;&nbsp;&nbsp; 37<\/p>\n\n\n\n<p>Organik\nKarbon&nbsp;&nbsp;&nbsp;&nbsp;&nbsp;&nbsp;&nbsp; &nbsp;&nbsp;&nbsp;&nbsp;&nbsp;&nbsp;&nbsp;&nbsp;&nbsp;&nbsp;&nbsp;&nbsp;&nbsp;&nbsp;&nbsp;&nbsp;&nbsp;&nbsp;&nbsp;&nbsp;&nbsp;&nbsp;&nbsp;&nbsp;&nbsp;&nbsp;&nbsp;&nbsp;&nbsp;&nbsp;&nbsp;&nbsp;&nbsp;&nbsp;&nbsp;&nbsp;16<\/p>\n\n\n\n<p>Toplam\nAzot&nbsp;&nbsp;&nbsp;&nbsp;&nbsp;&nbsp;&nbsp;&nbsp;&nbsp;&nbsp;&nbsp;&nbsp; &nbsp;&nbsp;&nbsp;&nbsp;&nbsp;&nbsp;&nbsp;&nbsp;&nbsp;&nbsp;&nbsp;&nbsp;&nbsp;&nbsp;&nbsp;&nbsp;&nbsp;&nbsp;&nbsp;&nbsp;&nbsp;&nbsp;&nbsp;&nbsp;&nbsp;&nbsp;&nbsp;&nbsp;&nbsp;&nbsp;&nbsp;&nbsp;&nbsp;&nbsp;&nbsp;&nbsp;&nbsp;&nbsp;1<\/p>\n\n\n\n<p>Suda\n\u00c7\u00f6z\u00fcn\u00fcr K<sub>2<\/sub>O&nbsp;&nbsp; &nbsp;&nbsp;&nbsp;&nbsp;&nbsp;&nbsp;&nbsp;&nbsp;&nbsp;&nbsp;&nbsp;&nbsp;&nbsp;&nbsp;&nbsp;&nbsp;&nbsp;&nbsp;&nbsp;&nbsp;&nbsp;&nbsp;&nbsp;&nbsp;&nbsp;&nbsp;&nbsp;&nbsp;&nbsp;&nbsp;&nbsp;&nbsp;&nbsp;&nbsp;&nbsp;&nbsp;&nbsp;&nbsp;4<\/p>\n\n\n\n<p>Ph&nbsp;&nbsp;&nbsp;&nbsp;&nbsp;&nbsp;&nbsp;&nbsp;&nbsp;&nbsp;&nbsp;&nbsp;&nbsp;&nbsp;&nbsp;&nbsp;&nbsp;&nbsp;&nbsp;&nbsp;&nbsp;&nbsp;&nbsp;&nbsp;&nbsp;&nbsp;&nbsp;&nbsp;&nbsp;&nbsp;&nbsp;&nbsp;&nbsp;&nbsp;&nbsp;&nbsp;&nbsp;&nbsp;&nbsp;&nbsp;&nbsp;&nbsp;&nbsp;&nbsp;&nbsp;&nbsp;&nbsp;&nbsp;&nbsp;&nbsp;&nbsp;&nbsp;&nbsp;&nbsp;&nbsp;&nbsp;&nbsp; &nbsp;&nbsp;&nbsp;  &nbsp;&nbsp;&nbsp;&nbsp;4-6&nbsp;&nbsp;&nbsp;&nbsp;&nbsp;&nbsp;&nbsp;&nbsp;&nbsp;&nbsp;&nbsp;&nbsp;&nbsp;&nbsp;&nbsp;&nbsp;&nbsp;&nbsp;&nbsp;&nbsp;&nbsp;&nbsp;&nbsp;&nbsp;&nbsp;&nbsp;&nbsp;&nbsp;&nbsp;&nbsp;&nbsp; <\/p>\n\n\n\n<p><strong>\u00dcr\u00fcn\u00fcn Teknik \u00d6zellikleri<\/strong><\/p>\n\n\n\n<ol class=\"wp-block-list\"><li>Organo\nCarbon 20litre\/26 kg \u015feklindedir.<\/li><li>Topra\u011f\u0131n\npH\u2019\u0131n\u0131 d\u00fczenler.<\/li><li>Organik\nmadde \u00fcretimini sa\u011flar.<\/li><li>\u0130\u00e7erisindeki\norganik potasyum bitkinin alabilece\u011fi formda olup h\u0131zl\u0131ca bitki b\u00fcnyesine\nge\u00e7irir.<\/li><li>Organik\nmadde a\u00e7\u0131s\u0131ndan zengindir.<\/li><li>Do\u011fas\u0131nda\nbulunan azot bitki geli\u015fimini te\u015fvik eder.<\/li><li>K\u00f6k\ngeli\u015fimini h\u0131zland\u0131r\u0131r.<\/li><li>\u0130\u00e7erisindeki\norganik karbon sayesinde havada ve sudaki karbondioksiti kullanarak\nbitkilerdeki organik maddenin \u00fcretimine yard\u0131mc\u0131 olur.&nbsp;<\/li><\/ol>\n\n\n\n<p><strong>Uygulama \u015eekli,Dozlar\u0131 ve Zaman\u0131<\/strong><\/p>\n\n\n\n<figure class=\"wp-block-image size-large is-resized\"><img loading=\"lazy\" decoding=\"async\" src=\"http:\/\/nevelgubre.com.tr\/wp-content\/uploads\/2020\/01\/Organo-Carbon-724x1024.jpg\" alt=\"\" class=\"wp-image-916\" width=\"724\" height=\"1024\" srcset=\"https:\/\/nevelgubre.com.tr\/wp-content\/uploads\/2020\/01\/Organo-Carbon-724x1024.jpg 724w, https:\/\/nevelgubre.com.tr\/wp-content\/uploads\/2020\/01\/Organo-Carbon-212x300.jpg 212w, https:\/\/nevelgubre.com.tr\/wp-content\/uploads\/2020\/01\/Organo-Carbon-768x1086.jpg 768w, https:\/\/nevelgubre.com.tr\/wp-content\/uploads\/2020\/01\/Organo-Carbon-1086x1536.jpg 1086w, https:\/\/nevelgubre.com.tr\/wp-content\/uploads\/2020\/01\/Organo-Carbon-1448x2048.jpg 1448w, https:\/\/nevelgubre.com.tr\/wp-content\/uploads\/2020\/01\/Organo-Carbon.jpg 1654w\" sizes=\"auto, (max-width: 724px) 100vw, 724px\" \/><\/figure>\n","protected":false},"excerpt":{"rendered":"<p>ORGANO CARBON &nbsp;&nbsp;&nbsp;&nbsp;&nbsp;&nbsp; Topra\u011f\u0131n ihtiyac\u0131 olan organik madde ve organik karbon ihtiva eden \u00fcr\u00fcn. \u00dcR\u00dcN\u00dcN SINIFI: B\u0130TK\u0130SEL MEN\u015eE\u0130L\u0130 SIVI ORGAN\u0130K G\u00dcBRE Garanti Edilen \u0130\u00e7erik &nbsp;&nbsp;&nbsp; % (w\/w) Organik Madde&nbsp;&nbsp;&nbsp;&nbsp;&nbsp;&nbsp;&nbsp;&nbsp; &nbsp;&nbsp;&nbsp;&nbsp;&nbsp;&nbsp;&nbsp;&nbsp;&nbsp;&nbsp;&nbsp;&nbsp;&nbsp;&nbsp;&nbsp;&nbsp;&nbsp;&nbsp;&nbsp;&nbsp;&nbsp;&nbsp;&nbsp;&nbsp;&nbsp;&nbsp;&nbsp;&nbsp;&nbsp;&nbsp;&nbsp;&nbsp;&nbsp;&nbsp;&nbsp; 37 Organik Karbon&nbsp;&nbsp;&nbsp;&nbsp;&nbsp;&nbsp;&nbsp; &nbsp;&nbsp;&nbsp;&nbsp;&nbsp;&nbsp;&nbsp;&nbsp;&nbsp;&nbsp;&nbsp;&nbsp;&nbsp;&nbsp;&nbsp;&nbsp;&nbsp;&nbsp;&nbsp;&nbsp;&nbsp;&nbsp;&nbsp;&nbsp;&nbsp;&nbsp;&nbsp;&nbsp;&nbsp;&nbsp;&nbsp;&nbsp;&nbsp;&nbsp;&nbsp;&nbsp;16 Toplam Azot&nbsp;&nbsp;&nbsp;&nbsp;&nbsp;&nbsp;&nbsp;&nbsp;&nbsp;&nbsp;&nbsp;&nbsp; &nbsp;&nbsp;&nbsp;&nbsp;&nbsp;&nbsp;&nbsp;&nbsp;&nbsp;&nbsp;&nbsp;&nbsp;&nbsp;&nbsp;&nbsp;&nbsp;&nbsp;&nbsp;&nbsp;&nbsp;&nbsp;&nbsp;&nbsp;&nbsp;&nbsp;&nbsp;&nbsp;&nbsp;&nbsp;&nbsp;&nbsp;&nbsp;&nbsp;&nbsp;&nbsp;&nbsp;&nbsp;&nbsp;1 Suda \u00c7\u00f6z\u00fcn\u00fcr K2O&nbsp;&nbsp; &nbsp;&nbsp;&nbsp;&nbsp;&nbsp;&nbsp;&nbsp;&nbsp;&nbsp;&nbsp;&nbsp;&nbsp;&nbsp;&nbsp;&nbsp;&nbsp;&nbsp;&nbsp;&nbsp;&nbsp;&nbsp;&nbsp;&nbsp;&nbsp;&nbsp;&nbsp;&nbsp;&nbsp;&nbsp;&nbsp;&nbsp;&nbsp;&nbsp;&nbsp;&nbsp;&nbsp;&nbsp;&nbsp;4 Ph&nbsp;&nbsp;&nbsp;&nbsp;&nbsp;&nbsp;&nbsp;&nbsp;&nbsp;&nbsp;&nbsp;&nbsp;&nbsp;&nbsp;&nbsp;&nbsp;&nbsp;&nbsp;&nbsp;&nbsp;&nbsp;&nbsp;&nbsp;&nbsp;&nbsp;&nbsp;&nbsp;&nbsp;&nbsp;&nbsp;&nbsp;&nbsp;&nbsp;&nbsp;&nbsp;&nbsp;&nbsp;&nbsp;&nbsp;&nbsp;&nbsp;&nbsp;&nbsp;&nbsp;&nbsp;&nbsp;&nbsp;&nbsp;&nbsp;&nbsp;&nbsp;&nbsp;&nbsp;&nbsp;&nbsp;&nbsp;&nbsp; &nbsp;&nbsp;&nbsp; &nbsp;&nbsp;&nbsp;&nbsp;4-6&nbsp;&nbsp;&nbsp;&nbsp;&nbsp;&nbsp;&nbsp;&nbsp;&nbsp;&nbsp;&nbsp;&nbsp;&nbsp;&nbsp;&nbsp;&nbsp;&nbsp;&nbsp;&nbsp;&nbsp;&nbsp;&nbsp;&nbsp;&nbsp;&nbsp;&nbsp;&nbsp;&nbsp;&nbsp;&nbsp;&nbsp; \u00dcr\u00fcn\u00fcn Teknik \u00d6zellikleri Organo Carbon 20litre\/26 kg \u015feklindedir. Topra\u011f\u0131n pH\u2019\u0131n\u0131 d\u00fczenler&#8230;.<\/p>\n","protected":false},"author":1,"featured_media":0,"parent":0,"menu_order":0,"comment_status":"closed","ping_status":"closed","template":"","meta":{"footnotes":""},"class_list":["post-190","page","type-page","status-publish","hentry"],"_links":{"self":[{"href":"https:\/\/nevelgubre.com.tr\/index.php\/wp-json\/wp\/v2\/pages\/190","targetHints":{"allow":["GET"]}}],"collection":[{"href":"https:\/\/nevelgubre.com.tr\/index.php\/wp-json\/wp\/v2\/pages"}],"about":[{"href":"https:\/\/nevelgubre.com.tr\/index.php\/wp-json\/wp\/v2\/types\/page"}],"author":[{"embeddable":true,"href":"https:\/\/nevelgubre.com.tr\/index.php\/wp-json\/wp\/v2\/users\/1"}],"replies":[{"embeddable":true,"href":"https:\/\/nevelgubre.com.tr\/index.php\/wp-json\/wp\/v2\/comments?post=190"}],"version-history":[{"count":3,"href":"https:\/\/nevelgubre.com.tr\/index.php\/wp-json\/wp\/v2\/pages\/190\/revisions"}],"predecessor-version":[{"id":917,"href":"https:\/\/nevelgubre.com.tr\/index.php\/wp-json\/wp\/v2\/pages\/190\/revisions\/917"}],"wp:attachment":[{"href":"https:\/\/nevelgubre.com.tr\/index.php\/wp-json\/wp\/v2\/media?parent=190"}],"curies":[{"name":"wp","href":"https:\/\/api.w.org\/{rel}","templated":true}]}}