{"id":208,"date":"2017-11-07T23:10:09","date_gmt":"2017-11-07T20:10:09","guid":{"rendered":"http:\/\/nevelgubre.com.tr\/?page_id=208"},"modified":"2025-10-02T13:43:14","modified_gmt":"2025-10-02T10:43:14","slug":"bize-ulasin-2","status":"publish","type":"page","link":"https:\/\/nevelgubre.com.tr\/index.php\/bize-ulasin-2\/","title":{"rendered":"Bize Ula\u015f\u0131n"},"content":{"rendered":"<p><img loading=\"lazy\" decoding=\"async\" class=\"wp-image-426 aligncenter\" src=\"http:\/\/nevelgubre.com.tr\/wp-content\/uploads\/2017\/11\/nevel-logo.png\" alt=\"\" width=\"362\" height=\"226\" srcset=\"https:\/\/nevelgubre.com.tr\/wp-content\/uploads\/2017\/11\/nevel-logo.png 994w, https:\/\/nevelgubre.com.tr\/wp-content\/uploads\/2017\/11\/nevel-logo-300x187.png 300w, https:\/\/nevelgubre.com.tr\/wp-content\/uploads\/2017\/11\/nevel-logo-768x479.png 768w, https:\/\/nevelgubre.com.tr\/wp-content\/uploads\/2017\/11\/nevel-logo-150x94.png 150w\" sizes=\"auto, (max-width: 362px) 100vw, 362px\" \/><\/p>\n<p style=\"text-align: center;\"><strong>NEVEL\u00a0G\u00dcBRE\u00a0\u0130ML.PAZ.\u0130TH.\u0130HR.PET.MAD.TAR.NAK.SAN.TIC.A.\u015e.<\/strong><br \/>\n<strong>MERKEZ:<\/strong> Emek Mah. Saat\u00e7i Hoca Cad. No:13 Daire:2 Merkez\/Nev\u015fehir<br \/>\n<strong>FABRIKA:<\/strong> Afetevleri Mah. Fabrikalar K\u00fcmesi No:5 G\u00f6re Kasabas\u0131\/Merkez\/Nev\u015fehir<br \/>\n<strong>TELEFON:<\/strong>\u00a0+90\u00a0384\u00a0213\u00a01190\u00a0&#8211;\u00a0+90\u00a0533\u00a0204\u00a04\u00a0204<br \/>\n<strong>E-MAIL:<\/strong>\u00a0<a href=\"mailto:info@nevelgubre.com.tr\">info@nevelgubre.com.tr<\/a><\/p>\n","protected":false},"excerpt":{"rendered":"<p>NEVEL\u00a0G\u00dcBRE\u00a0\u0130ML.PAZ.\u0130TH.\u0130HR.PET.MAD.TAR.NAK.SAN.TIC.A.\u015e. MERKEZ: Emek Mah. Saat\u00e7i Hoca Cad. No:13 Daire:2 Merkez\/Nev\u015fehir FABRIKA: Afetevleri Mah. Fabrikalar K\u00fcmesi No:5 G\u00f6re Kasabas\u0131\/Merkez\/Nev\u015fehir TELEFON:\u00a0+90\u00a0384\u00a0213\u00a01190\u00a0&#8211;\u00a0+90\u00a0533\u00a0204\u00a04\u00a0204 E-MAIL:\u00a0info@nevelgubre.com.tr<\/p>\n","protected":false},"author":1,"featured_media":0,"parent":0,"menu_order":0,"comment_status":"closed","ping_status":"closed","template":"","meta":{"footnotes":""},"class_list":["post-208","page","type-page","status-publish","hentry"],"_links":{"self":[{"href":"https:\/\/nevelgubre.com.tr\/index.php\/wp-json\/wp\/v2\/pages\/208","targetHints":{"allow":["GET"]}}],"collection":[{"href":"https:\/\/nevelgubre.com.tr\/index.php\/wp-json\/wp\/v2\/pages"}],"about":[{"href":"https:\/\/nevelgubre.com.tr\/index.php\/wp-json\/wp\/v2\/types\/page"}],"author":[{"embeddable":true,"href":"https:\/\/nevelgubre.com.tr\/index.php\/wp-json\/wp\/v2\/users\/1"}],"replies":[{"embeddable":true,"href":"https:\/\/nevelgubre.com.tr\/index.php\/wp-json\/wp\/v2\/comments?post=208"}],"version-history":[{"count":12,"href":"https:\/\/nevelgubre.com.tr\/index.php\/wp-json\/wp\/v2\/pages\/208\/revisions"}],"predecessor-version":[{"id":1207,"href":"https:\/\/nevelgubre.com.tr\/index.php\/wp-json\/wp\/v2\/pages\/208\/revisions\/1207"}],"wp:attachment":[{"href":"https:\/\/nevelgubre.com.tr\/index.php\/wp-json\/wp\/v2\/media?parent=208"}],"curies":[{"name":"wp","href":"https:\/\/api.w.org\/{rel}","templated":true}]}}