{"id":910,"date":"2020-01-30T15:28:57","date_gmt":"2020-01-30T12:28:57","guid":{"rendered":"http:\/\/nevelgubre.com.tr\/?page_id=910"},"modified":"2020-05-11T14:14:44","modified_gmt":"2020-05-11T11:14:44","slug":"cappa-seaweed","status":"publish","type":"page","link":"https:\/\/nevelgubre.com.tr\/index.php\/cappa-seaweed\/","title":{"rendered":"Cappa Seaweed +"},"content":{"rendered":"\n<figure class=\"wp-block-gallery aligncenter columns-1 is-cropped wp-block-gallery-1 is-layout-flex wp-block-gallery-is-layout-flex\"><ul class=\"blocks-gallery-grid\"><li class=\"blocks-gallery-item\"><figure><img loading=\"lazy\" decoding=\"async\" width=\"400\" height=\"248\" src=\"http:\/\/nevelgubre.com.tr\/wp-content\/uploads\/2020\/02\/CAPPA-SEAWEED.png\" alt=\"\" data-id=\"1036\" data-full-url=\"http:\/\/nevelgubre.com.tr\/wp-content\/uploads\/2020\/02\/CAPPA-SEAWEED.png\" data-link=\"http:\/\/nevelgubre.com.tr\/index.php\/cappa-seaweed\/cappa-seaweed-3\/\" class=\"wp-image-1036\" srcset=\"https:\/\/nevelgubre.com.tr\/wp-content\/uploads\/2020\/02\/CAPPA-SEAWEED.png 400w, https:\/\/nevelgubre.com.tr\/wp-content\/uploads\/2020\/02\/CAPPA-SEAWEED-300x186.png 300w\" sizes=\"auto, (max-width: 400px) 100vw, 400px\" \/><\/figure><\/li><\/ul><\/figure>\n\n\n\n<p><strong>CAPPA SEAWEED<\/strong> +<\/p>\n\n\n\n<p>&nbsp;&nbsp;&nbsp;&nbsp;&nbsp;&nbsp; Gibberilic\nAsit ve Alginik Asit \u0130\u00e7eren S\u0131v\u0131 Deniz Yosunu.<\/p>\n\n\n\n<p><strong>\u00dcR\u00dcN\u00dcN SINIFI:<\/strong> SIVI DEN\u0130Z YOSUNU <\/p>\n\n\n\n<p><strong>GARANT\u0130 ED\u0130LEN \u0130\u00c7ER\u0130K&nbsp;&nbsp;&nbsp;&nbsp; &nbsp;&nbsp;&nbsp;&nbsp;&nbsp;&nbsp;&nbsp;&nbsp;&nbsp;&nbsp; &nbsp;&nbsp;&nbsp;&nbsp;&nbsp;&nbsp;&nbsp;&nbsp;&nbsp;&nbsp;&nbsp;&nbsp;&nbsp;&nbsp;&nbsp; : W\/W&nbsp;<\/strong><\/p>\n\n\n\n<p>\u00a0Organik Madde\u00a0\u00a0\u00a0\u00a0\u00a0\u00a0\u00a0\u00a0\u00a0\u00a0\u00a0 \u00a0\u00a0\u00a0\u00a0\u00a0\u00a0\u00a0\u00a0\u00a0\u00a0\u00a0\u00a0\u00a0\u00a0\u00a0\u00a0\u00a0\u00a0\u00a0\u00a0\u00a0\u00a0\u00a0\u00a0\u00a0\u00a0\u00a0\u00a0\u00a0\u00a0\u00a0\u00a0\u00a0\u00a0\u00a0\u00a0\u00a0\u00a0\u00a0\u00a0\u00a0\u00a0\u00a0 : % 12<\/p>\n\n\n\n<p>\u00a0Suda \u00c7\u00f6z\u00fcn\u00fcr Potasyum Oksit (K<sub>2<\/sub>O)\u00a0\u00a0\u00a0\u00a0\u00a0\u00a0\u00a0\u00a0\u00a0\u00a0\u00a0\u00a0\u00a0\u00a0\u00a0\u00a0\u00a0\u00a0 : % 1<\/p>\n\n\n\n<p>&nbsp;Alginik Asit&nbsp;&nbsp;&nbsp;&nbsp;&nbsp;&nbsp;&nbsp;&nbsp;&nbsp;&nbsp;&nbsp;&nbsp;&nbsp;&nbsp;&nbsp;&nbsp;&nbsp;&nbsp;&nbsp;&nbsp;&nbsp;&nbsp;&nbsp;&nbsp;&nbsp;&nbsp;&nbsp;&nbsp;&nbsp;&nbsp;&nbsp;&nbsp;&nbsp;&nbsp;&nbsp;&nbsp;&nbsp;&nbsp;&nbsp;&nbsp;&nbsp;&nbsp;&nbsp;&nbsp;&nbsp;&nbsp;&nbsp;&nbsp;&nbsp;&nbsp;&nbsp;&nbsp;&nbsp;&nbsp; &nbsp;&nbsp;&nbsp;&nbsp;&nbsp;&nbsp;&nbsp;&nbsp;&nbsp;: % 0,2<\/p>\n\n\n\n<p>\u00a0Giberallik Asit\u00a0\u00a0\u00a0\u00a0\u00a0\u00a0\u00a0\u00a0\u00a0\u00a0\u00a0\u00a0\u00a0\u00a0\u00a0\u00a0\u00a0\u00a0\u00a0\u00a0\u00a0\u00a0\u00a0\u00a0\u00a0\u00a0\u00a0\u00a0\u00a0\u00a0\u00a0\u00a0\u00a0\u00a0\u00a0\u00a0\u00a0\u00a0\u00a0\u00a0\u00a0\u00a0\u00a0\u00a0\u00a0\u00a0\u00a0\u00a0\u00a0\u00a0\u00a0\u00a0\u00a0\u00a0\u00a0\u00a0\u00a0\u00a0 : 30 ppm<\/p>\n\n\n\n<p>&nbsp;Max. EC&nbsp;&nbsp;&nbsp;&nbsp;&nbsp;&nbsp;&nbsp;&nbsp;&nbsp;&nbsp;&nbsp;&nbsp;&nbsp;&nbsp;&nbsp;&nbsp;&nbsp;&nbsp;&nbsp;&nbsp;&nbsp;&nbsp;&nbsp;&nbsp;&nbsp;&nbsp;&nbsp;&nbsp;&nbsp;&nbsp;&nbsp;&nbsp;&nbsp;&nbsp;&nbsp;&nbsp;&nbsp;&nbsp;&nbsp;&nbsp;&nbsp;&nbsp;&nbsp;&nbsp; &nbsp;&nbsp;&nbsp;&nbsp;&nbsp;&nbsp;&nbsp;&nbsp;&nbsp;&nbsp;&nbsp;&nbsp;&nbsp;&nbsp;&nbsp;&nbsp;&nbsp;&nbsp;&nbsp;&nbsp;&nbsp;&nbsp;&nbsp;&nbsp;&nbsp;:8 dS\/m&nbsp;&nbsp;&nbsp;<\/p>\n\n\n\n<p>\u00a0pH \u00a0\u00a0\u00a0\u00a0\u00a0\u00a0\u00a0\u00a0\u00a0\u00a0\u00a0\u00a0\u00a0\u00a0\u00a0\u00a0\u00a0\u00a0\u00a0\u00a0\u00a0\u00a0\u00a0\u00a0\u00a0\u00a0\u00a0\u00a0\u00a0\u00a0\u00a0\u00a0\u00a0\u00a0\u00a0\u00a0\u00a0\u00a0\u00a0\u00a0\u00a0\u00a0\u00a0\u00a0\u00a0\u00a0\u00a0\u00a0\u00a0\u00a0\u00a0\u00a0\u00a0\u00a0\u00a0\u00a0\u00a0\u00a0\u00a0\u00a0\u00a0\u00a0\u00a0\u00a0\u00a0\u00a0\u00a0\u00a0\u00a0\u00a0         : 6-8\u00a0 \u00a0<\/p>\n\n\n\n<p><strong>\u00dcr\u00fcn\u00fcn Teknik\n\u00d6zellikleri<\/strong><\/p>\n\n\n\n<ol class=\"wp-block-list\"><li>\u00c7i\u00e7eklenmeye te\u015fvik eder, \u00e7i\u00e7eklenmeden sonraki uygulamalarda meyve irili\u011fi sa\u011flar.<\/li><li>Tohumlarda dormansinin (uyku hali) k\u0131r\u0131lmas\u0131 ve tohumlar\u0131n k\u0131sa s\u00fcrede \u00e7imlenmesini te\u015fvik eder.<\/li><li>Sebzelerde ve meyve a\u011fa\u00e7lar\u0131nda bitki boyunun uzamas\u0131n\u0131 sa\u011flar.<\/li><li>Meyve tutumunu, tane say\u0131s\u0131n\u0131 ve meyve irili\u011fini art\u0131r\u0131r.<\/li><li>Y\u00fcksek d\u00fczeyde gece g\u00fcnd\u00fcz s\u0131cakl\u0131k fark\u0131n\u0131n g\u00f6r\u00fcld\u00fc\u011f\u00fc, uzun s\u00fcreli a\u015f\u0131r\u0131 s\u0131cak veya a\u015f\u0131r\u0131 so\u011fuk ko\u015fullar\u0131n\u0131n ya\u015fand\u0131\u011f\u0131 d\u00f6nemlerde, de\u011fi\u015fik b\u00f6ceklerin bitki \u00fczerinde olu\u015fturdu\u011fu emgisel ve vekt\u00f6rel tahribatlara maruz kald\u0131\u011f\u0131 olumsuz \u00e7evre fakt\u00f6rleri yan\u0131nda hatal\u0131 ila\u00e7lama (dozaj a\u015f\u0131mlar\u0131 v.b. nedenler), yanl\u0131\u015f k\u00fclt\u00fcrel i\u015flemler (budama, karde\u015f alma v.b.) gibi bir \u00e7ok insan fakt\u00f6rlerine ba\u011fl\u0131 olarak b\u00fcy\u00fck verim kay\u0131plar\u0131 ya\u015fand\u0131\u011f\u0131 d\u00f6nemlerde bu bitkileri rahatlatmak ve normal geli\u015fimini s\u00fcrd\u00fcrebilmesini h\u0131zl\u0131 ve etkili bir \u015fekilde sa\u011flayan \u00f6zel bir \u00fcr\u00fcn olarak kullan\u0131lmaktad\u0131r.<\/li><li>Kal\u0131nt\u0131 ve leke kesinlikle b\u0131rakmaz. Hasattan \u00f6nceki uygulamalarda herhangi bir kal\u0131nt\u0131 sorunu ya\u015fanmaz. Bekleme s\u00fcresi 0 (s\u0131f\u0131r) g\u00fcnd\u00fcr. Bombus ar\u0131lar\u0131n\u0131n polinasyon ama\u00e7l\u0131 kullan\u0131ld\u0131\u011f\u0131 yerlerde (serac\u0131l\u0131k &amp; meyvecilik), CAPPA SEAWEED+ uygulamalar\u0131ndan kaynakl\u0131 ar\u0131lar \u00fczerinde herhangi bir olumsuzluk ya\u015fanmaz.<\/li><li>Her t\u00fcrl\u00fc zirai ila\u00e7 ve g\u00fcbre ile kar\u0131\u015f\u0131r, Kar\u0131\u015f\u0131m \u00f6ncesi mutlaka kavanoz testi uygulanmal\u0131d\u0131r.<\/li><li>Nihai verimde \u00fcr\u00fcnlerin d\u0131\u015f \u00f6zellikler, a\u011f\u0131rl\u0131k ve raf \u00f6mr\u00fcne yard\u0131mc\u0131 olur.<\/li><\/ol>\n\n\n\n<p><strong>Uygulama \u015eekli,Dozlar\u0131 ve Zaman\u0131<\/strong><\/p>\n\n\n\n<figure class=\"wp-block-image size-large is-resized\"><img loading=\"lazy\" decoding=\"async\" src=\"http:\/\/nevelgubre.com.tr\/wp-content\/uploads\/2020\/01\/cappa-seaweed-724x1024.jpg\" alt=\"\" class=\"wp-image-912\" width=\"724\" height=\"1024\" srcset=\"https:\/\/nevelgubre.com.tr\/wp-content\/uploads\/2020\/01\/cappa-seaweed-724x1024.jpg 724w, https:\/\/nevelgubre.com.tr\/wp-content\/uploads\/2020\/01\/cappa-seaweed-212x300.jpg 212w, https:\/\/nevelgubre.com.tr\/wp-content\/uploads\/2020\/01\/cappa-seaweed-768x1086.jpg 768w, https:\/\/nevelgubre.com.tr\/wp-content\/uploads\/2020\/01\/cappa-seaweed-1086x1536.jpg 1086w, https:\/\/nevelgubre.com.tr\/wp-content\/uploads\/2020\/01\/cappa-seaweed-1448x2048.jpg 1448w, https:\/\/nevelgubre.com.tr\/wp-content\/uploads\/2020\/01\/cappa-seaweed.jpg 1654w\" sizes=\"auto, (max-width: 724px) 100vw, 724px\" \/><\/figure>\n","protected":false},"excerpt":{"rendered":"<p>CAPPA SEAWEED + &nbsp;&nbsp;&nbsp;&nbsp;&nbsp;&nbsp; Gibberilic Asit ve Alginik Asit \u0130\u00e7eren S\u0131v\u0131 Deniz Yosunu. \u00dcR\u00dcN\u00dcN SINIFI: SIVI DEN\u0130Z YOSUNU GARANT\u0130 ED\u0130LEN \u0130\u00c7ER\u0130K&nbsp;&nbsp;&nbsp;&nbsp; &nbsp;&nbsp;&nbsp;&nbsp;&nbsp;&nbsp;&nbsp;&nbsp;&nbsp;&nbsp; &nbsp;&nbsp;&nbsp;&nbsp;&nbsp;&nbsp;&nbsp;&nbsp;&nbsp;&nbsp;&nbsp;&nbsp;&nbsp;&nbsp;&nbsp; : W\/W&nbsp; \u00a0Organik Madde\u00a0\u00a0\u00a0\u00a0\u00a0\u00a0\u00a0\u00a0\u00a0\u00a0\u00a0 \u00a0\u00a0\u00a0\u00a0\u00a0\u00a0\u00a0\u00a0\u00a0\u00a0\u00a0\u00a0\u00a0\u00a0\u00a0\u00a0\u00a0\u00a0\u00a0\u00a0\u00a0\u00a0\u00a0\u00a0\u00a0\u00a0\u00a0\u00a0\u00a0\u00a0\u00a0\u00a0\u00a0\u00a0\u00a0\u00a0\u00a0\u00a0\u00a0\u00a0\u00a0\u00a0\u00a0 : % 12 \u00a0Suda \u00c7\u00f6z\u00fcn\u00fcr Potasyum Oksit (K2O)\u00a0\u00a0\u00a0\u00a0\u00a0\u00a0\u00a0\u00a0\u00a0\u00a0\u00a0\u00a0\u00a0\u00a0\u00a0\u00a0\u00a0\u00a0 : % 1 &nbsp;Alginik Asit&nbsp;&nbsp;&nbsp;&nbsp;&nbsp;&nbsp;&nbsp;&nbsp;&nbsp;&nbsp;&nbsp;&nbsp;&nbsp;&nbsp;&nbsp;&nbsp;&nbsp;&nbsp;&nbsp;&nbsp;&nbsp;&nbsp;&nbsp;&nbsp;&nbsp;&nbsp;&nbsp;&nbsp;&nbsp;&nbsp;&nbsp;&nbsp;&nbsp;&nbsp;&nbsp;&nbsp;&nbsp;&nbsp;&nbsp;&nbsp;&nbsp;&nbsp;&nbsp;&nbsp;&nbsp;&nbsp;&nbsp;&nbsp;&nbsp;&nbsp;&nbsp;&nbsp;&nbsp;&nbsp; &nbsp;&nbsp;&nbsp;&nbsp;&nbsp;&nbsp;&nbsp;&nbsp;&nbsp;: % 0,2 \u00a0Giberallik Asit\u00a0\u00a0\u00a0\u00a0\u00a0\u00a0\u00a0\u00a0\u00a0\u00a0\u00a0\u00a0\u00a0\u00a0\u00a0\u00a0\u00a0\u00a0\u00a0\u00a0\u00a0\u00a0\u00a0\u00a0\u00a0\u00a0\u00a0\u00a0\u00a0\u00a0\u00a0\u00a0\u00a0\u00a0\u00a0\u00a0\u00a0\u00a0\u00a0\u00a0\u00a0\u00a0\u00a0\u00a0\u00a0\u00a0\u00a0\u00a0\u00a0\u00a0\u00a0\u00a0\u00a0\u00a0\u00a0\u00a0\u00a0\u00a0 : 30 ppm &nbsp;Max. EC&nbsp;&nbsp;&nbsp;&nbsp;&nbsp;&nbsp;&nbsp;&nbsp;&nbsp;&nbsp;&nbsp;&nbsp;&nbsp;&nbsp;&nbsp;&nbsp;&nbsp;&nbsp;&nbsp;&nbsp;&nbsp;&nbsp;&nbsp;&nbsp;&nbsp;&nbsp;&nbsp;&nbsp;&nbsp;&nbsp;&nbsp;&nbsp;&nbsp;&nbsp;&nbsp;&nbsp;&nbsp;&nbsp;&nbsp;&nbsp;&nbsp;&nbsp;&nbsp;&nbsp; &nbsp;&nbsp;&nbsp;&nbsp;&nbsp;&nbsp;&nbsp;&nbsp;&nbsp;&nbsp;&nbsp;&nbsp;&nbsp;&nbsp;&nbsp;&nbsp;&nbsp;&nbsp;&nbsp;&nbsp;&nbsp;&nbsp;&nbsp;&nbsp;&nbsp;:8 dS\/m&nbsp;&nbsp;&nbsp; \u00a0pH \u00a0\u00a0\u00a0\u00a0\u00a0\u00a0\u00a0\u00a0\u00a0\u00a0\u00a0\u00a0\u00a0\u00a0\u00a0\u00a0\u00a0\u00a0\u00a0\u00a0\u00a0\u00a0\u00a0\u00a0\u00a0\u00a0\u00a0\u00a0\u00a0\u00a0\u00a0\u00a0\u00a0\u00a0\u00a0\u00a0\u00a0\u00a0\u00a0\u00a0\u00a0\u00a0\u00a0\u00a0\u00a0\u00a0\u00a0\u00a0\u00a0\u00a0\u00a0\u00a0\u00a0\u00a0\u00a0\u00a0\u00a0\u00a0\u00a0\u00a0\u00a0\u00a0\u00a0\u00a0\u00a0\u00a0\u00a0\u00a0\u00a0\u00a0&#8230;<\/p>\n","protected":false},"author":1,"featured_media":0,"parent":0,"menu_order":0,"comment_status":"closed","ping_status":"closed","template":"","meta":{"footnotes":""},"class_list":["post-910","page","type-page","status-publish","hentry"],"_links":{"self":[{"href":"https:\/\/nevelgubre.com.tr\/index.php\/wp-json\/wp\/v2\/pages\/910","targetHints":{"allow":["GET"]}}],"collection":[{"href":"https:\/\/nevelgubre.com.tr\/index.php\/wp-json\/wp\/v2\/pages"}],"about":[{"href":"https:\/\/nevelgubre.com.tr\/index.php\/wp-json\/wp\/v2\/types\/page"}],"author":[{"embeddable":true,"href":"https:\/\/nevelgubre.com.tr\/index.php\/wp-json\/wp\/v2\/users\/1"}],"replies":[{"embeddable":true,"href":"https:\/\/nevelgubre.com.tr\/index.php\/wp-json\/wp\/v2\/comments?post=910"}],"version-history":[{"count":5,"href":"https:\/\/nevelgubre.com.tr\/index.php\/wp-json\/wp\/v2\/pages\/910\/revisions"}],"predecessor-version":[{"id":1065,"href":"https:\/\/nevelgubre.com.tr\/index.php\/wp-json\/wp\/v2\/pages\/910\/revisions\/1065"}],"wp:attachment":[{"href":"https:\/\/nevelgubre.com.tr\/index.php\/wp-json\/wp\/v2\/media?parent=910"}],"curies":[{"name":"wp","href":"https:\/\/api.w.org\/{rel}","templated":true}]}}